?
38
Let c be ((69/(-4))/(-3))/((-1)/8). Let h = c - -48. Suppose -5*r = -7 + h. What is the remainder when 5 is divided by r?
0
Let b = 80 - 73. Suppose -2*n + 5*n - 2*a = 49, n = -4*a + b. What is the remainder when 569 is divided by n?
14
Let i(t) = -7*t**2 + 3*t - 3. Let x be i(4). Let g = 16099 + -15961. Let z = g + x. Calculate the remainder when 103 is divided by z.
33
Calculate the remainder when 196 is divided by (-6)/4 + 40/((-1360)/(-2057)).
19
Suppose -738 = -4*g - 0*g + g. Calculate the remainder when 671 is divided by g.
179
Let w = 113 + -14. Suppose 67*r = 62*r + 10. Suppose -3*x + 68 = 4*v + 13, -4*v = -r*x + 70. Calculate the remainder when w is divided by x.
24
Let w be 52 + ((-55)/(-77) - 4/(-14)). Suppose w*c = 58*c - 340. Calculate the remainder when c is divided by 36.
32
Let r(b) = 17*b**2 - 26*b - 36. What is the remainder when 2885 is divided by r(3)?
38
Let r(c) = 3*c**2 - 21*c + 11. Let n be r(7). Suppose -74 = -n*h + 201. Calculate the remainder when 95 is divided by h.
20
Let o(h) = -h**2 + 13*h - 34. What is the remainder when 56 is divided by o(8)?
2
Let t be ((-12)/(-9))/(4/123). Let f = t + -21. What is the remainder when 51 is divided by f?
11
Suppose 2*y + 5*d - 3 = 19, -4*d = -4*y + 128. What is the remainder when 512 is divided by y?
18
Let a = 3650 - 3193. Calculate the remainder when a is divided by 124.
85
Suppose 2*x - 5*t - 40 = 85, 5*x + 4*t - 362 = 0. What is the remainder when 314 is divided by x?
34
Let l(u) = 3*u**2 - 25*u + 265. What is the remainder when 1415 is divided by l(11)?
3
Let v = -8531 - -8549. Calculate the remainder when 556 is divided by v.
16
What is the remainder when (-28)/8*733494/(-301) is divided by 27?
24
Suppose -243*u + 527298 - 94758 = 0. Calculate the remainder when u is divided by 129.
103
Suppose -4*l = -420 - 72. Suppose -87 = -5*b - 5*y + 23, -78 = -5*b - y. Calculate the remainder when l is divided by b.
11
Calculate the remainder when 418 is divided by 8*-35*(-10)/112.
18
Suppose 14*l - 277 = 1095. Calculate the remainder when 2154 is divided by l.
96
Let c = 3369 + -2476. What is the remainder when c is divided by 112?
109
Suppose 7 = 5*b - 0*p + 2*p, 2*p + 2 = 4*b. What is the remainder when 8 is divided by (56 - 54) + (4*1 - b)?
3
Suppose 0*t + 5*t + 141 = -4*q, -5*q + 5*t - 165 = 0. What is the remainder when 39 is divided by (2222/(-17))/(-11) + (-4)/q?
3
What is the remainder when -9 + -2 - (-22)/22 - (12 - 38) is divided by (0 + 1 + 4)*2?
6
Suppose -399*v - 371*v + 15690 = 4140. Calculate the remainder when (-1)/((-1)/69) + -1 is divided by v.
8
Suppose 3*i - 5*o = 462, 2*i - 7*o + 9*o - 292 = 0. What is the remainder when 5361 is divided by i?
146
Suppose 2*h - 199 = -5*v, v - 222 + 35 = -2*h. Suppose -h = -5*d + 2*c, -12*d + 4*c = -17*d + 116. What is the remainder when 397 is divided by d?
17
What is the remainder when (-903)/6*(-48)/21 is divided by 71?
60
Suppose -3060 = 1194*x - 1209*x. What is the remainder when x is divided by 53?
45
Let f be (15/(-30))/(2/(-8)). Suppose -2*i + 45 = 3*s, -f*i + 8 = -2*s - 22. Calculate the remainder when 100 is divided by i.
10
Suppose 0*g = -4*g - 4*d + 108, d = g - 17. Let q = 87 + -43. Suppose 104 = 5*b + q. What is the remainder when g is divided by b?
10
Let p = -5 + 27. Let j(t) = 11*t - 35. Suppose 63*v = 65*v - 18. What is the remainder when j(v) is divided by p?
20
Let u(c) = -c**3 - 9*c**2 - 5*c + 49. What is the remainder when 609 is divided by u(-8)?
9
Let h be 0/(-1 + 4 + -2). Let i = 375 - 372. Suppose 2*a + a - 153 = i*c, h = 5*a + c - 243. Calculate the remainder when a is divided by 26.
23
Let a be -3 - (-1 - 6/(-3)). What is the remainder when (-6)/(-9) + (-28)/(-12) is divided by (a/3)/((-24)/54)?
0
Let m be (5 - 0) + -23 + 18. Suppose 4*z + 218 = 2*q, 4*q + 5*z - 516 + 93 = m. Let i = q - 47. What is the remainder when i is divided by 17?
9
Let n(z) = 2*z**3 - 14*z**2 + 40*z - 652. What is the remainder when n(19) is divided by 39?
36
Let o = 104 - 180. Let r = -38 - o. Suppose k + k - 28 = 0. What is the remainder when r is divided by k?
10
Suppose s + 0*s + 3*v = 51, 4*v = 16. Suppose 0 = 2*c + 2*c - w - 33, -2*c + 5*w = -s. What is the remainder when 173 is divided by c?
5
Let h(z) = -59*z + 5. Let y be h(4). Let b = -184 - y. Calculate the remainder when b is divided by 26.
21
Suppose 0 = -4*j + a + 29, -3*j - 26 = -4*j + 4*a. Suppose j*d - 11*d + 105 = 0. Let c = d - 16. What is the remainder when c is divided by 5?
0
Suppose 0 = -2*a - 35 + 27, -i - 3*a + 413 = 0. Calculate the remainder when i is divided by 139.
8
Let s(h) = -7*h + 364. What is the remainder when s(17) is divided by 46?
15
Let n = -9577 + 10218. What is the remainder when n is divided by 67?
38
Suppose t = -6*t + 889. Suppose 8 = -2*p, -5*g + 543 = p + t. Calculate the remainder when g is divided by 29.
26
Suppose -3*w - 12 = 0, 3*w - 2 - 6 = -5*o. Let l = -44 - -154. Suppose -o*p = 22 - l. What is the remainder when p is divided by 7?
1
Let v = 24 - 6. Let g(o) = -9*o - 78. Let d be g(-18). Suppose 0 = -4*l - 4, -d = -3*c + 3*l. What is the remainder when c is divided by v?
9
Let x = 0 + 46. Let f = x - 46. Suppose f - 8 = -p. What is the remainder when 38 is divided by p?
6
Let j = -5075 + 5098. What is the remainder when 182 is divided by j?
21
Let i = 19006 + -18957. Calculate the remainder when 108 is divided by i.
10
Let h be 80/25 - (3 + (-19)/5). What is the remainder when 35 is divided by h/22 - (-6 + 1170/(-99))?
17
Suppose 5*q - 2*j - 2492 = 0, 48*q + 1497 = 51*q - 3*j. Calculate the remainder when 2509 is divided by q.
19
Suppose 92 + 898 = 32*b - 2146. What is the remainder when 552 is divided by b?
62
Let t = -28 - -24. Let y be t/(3/6*1). Let c(q) = q + 17. Calculate the remainder when 41 is divided by c(y).
5
Suppose s = -7*s + 24. What is the remainder when 1/(-2) + (-138)/(-4) is divided by (s/(-6))/(11/(-264))?
10
Let x = 205 + -166. Let p = x + -25. Suppose 0 = 4*r + 4*g - g - 171, 2*r - 3*g - 63 = 0. What is the remainder when r is divided by p?
11
Let a = -2583 - -4626. What is the remainder when a is divided by 22?
19
Let k(o) = -53*o + 944. Calculate the remainder when k(12) is divided by 82.
62
Let o(g) = -3*g - 7. Let l be o(-7). Let v be (2/(-1))/((-4)/(-2)). What is the remainder when v*l*(-21)/6 is divided by 27?
22
Suppose -304 = -3*y - 4*a, -2*a = 60*y - 56*y - 392. Calculate the remainder when 170 is divided by y.
74
Let p = 54 - 27. Let s(r) = -8 - 14*r + 3*r - 11*r - 12*r + 3*r**2. Calculate the remainder when p is divided by s(12).
11
Suppose -168 = 34*n - 30*n. Let t = 46 + n. Calculate the remainder when t/(-6) - (1020/(-18) + -2) is divided by 20.
18
Suppose 13158 = 45*d - 11907. What is the remainder when 2242 is divided by d?
14
Suppose 8*x - 728 = -20*x + 20*x. Calculate the remainder when 266 is divided by x.
84
Suppose -2*v + 40*t + 50 = 35*t, -5*t + 30 = 0. Suppose -5*s = 2*p - 269, -3*p - 2*s + 7*s + 341 = 0. What is the remainder when p is divided by v?
2
Let s(n) = -n - 4 - 3*n + 16*n. Let h be s(-1). Let g = 27 + h. What is the remainder when g is divided by 7?
4
Suppose 0 = -72*f + 88*f - 176. Suppose -9*z + j - 86 = -f*z, 5*z + 3*j = 215. What is the remainder when z is divided by 13?
4
Let i be (-336)/(-8)*3*(-6)/(-27). Let o = i - -7. Suppose o = 5*f - 20. What is the remainder when f is divided by 1?
0
Let b(o) = -4*o**2 - 3*o + 130. Calculate the remainder when (6/(-4))/((-6)/44) is divided by b(-6).
3
Let n be -14*((-72)/28 + 0). Suppose -n = -0*k - 4*k. Calculate the remainder when (12 - 306/27) + (-248)/(-6) is divided by k.
6
Let o(u) = -3*u**3 + 24*u**2 + 68*u + 15. Calculate the remainder when 1138 is divided by o(10).
93
Let j(w) = -w**2 - 10*w + 1364. Calculate the remainder when j(-40) is divided by 56.
52
Suppose 0 = -449*l + 905*l - 443*l - 26637. Calculate the remainder when l is divided by 57.
54
Let i(x) be the first derivative of -x**3/3 + 15*x**2 - 29*x + 31. Calculate the remainder when 55 - (0 + -1) - 3 is divided by i(28).
26
Let k(m) = -m**2 + 123*m - 3523. What is the remainder when k(63) is divided by 68?
53
Suppose 7904 = 99*y - 23*y. Calculate the remainder when y is divided by 9.
5
Let p(k) = 3*k**3 - 194*k**2 - 53*k - 503. Calculate the rem